{"id":43,"date":"2024-02-26T17:12:32","date_gmt":"2024-02-26T17:12:32","guid":{"rendered":"https:\/\/www.nectis.de\/?page_id=43"},"modified":"2025-06-13T12:51:08","modified_gmt":"2025-06-13T12:51:08","slug":"breitband","status":"publish","type":"page","link":"https:\/\/www.nectis.de\/?page_id=43","title":{"rendered":"Breitband"},"content":{"rendered":"\n<div class=\"wp-block-group alignfull has-global-padding is-layout-constrained wp-container-core-group-is-layout-d89aad35 wp-block-group-is-layout-constrained\" style=\"margin-top:0;margin-bottom:0;padding-top:var(--wp--preset--spacing--50);padding-right:var(--wp--preset--spacing--50);padding-bottom:var(--wp--preset--spacing--50);padding-left:var(--wp--preset--spacing--50)\">\n<div class=\"wp-block-group alignwide has-global-padding is-layout-constrained wp-container-core-group-is-layout-19e250f3 wp-block-group-is-layout-constrained\">\n<div class=\"wp-block-group is-vertical is-content-justification-center is-layout-flex wp-container-core-group-is-layout-6329a8f3 wp-block-group-is-layout-flex\">\n<h2 class=\"wp-block-heading has-text-align-center is-style-asterisk\">know how:<\/h2>\n\n\n\n<p class=\"has-text-align-center has-heading-font-family\">Wir verf\u00fcgen \u00fcber umfassende Erfahrungen in den Bereichen: Konzeption, Strategie, Ausschreibungen, Netzwerkplanung, Begleitung von Netzwerkausbauten, Dokumentation und Abnahmen.<\/p>\n<\/div>\n\n\n\n<div style=\"height:var(--wp--preset--spacing--40)\" aria-hidden=\"true\" class=\"wp-block-spacer\"><\/div>\n\n\n\n<div class=\"wp-block-columns alignwide is-layout-flex wp-container-core-columns-is-layout-d1c656ed wp-block-columns-is-layout-flex\">\n<div class=\"wp-block-column is-vertically-aligned-center is-layout-flow wp-block-column-is-layout-flow\" style=\"flex-basis:40%\">\n<h3 class=\"wp-block-heading has-text-align-center is-style-asterisk\">Assoziierte Partner:<\/h3>\n\n\n\n<ul style=\"line-height:1.75\" class=\"wp-block-list is-style-checkmark-list has-heading-font-family\">\n<li>Prefered Partner: <a href=\"http:\/\/breitbandtrassen-bau.de\/\" target=\"_blank\" rel=\"noreferrer noopener\">breitbandtrassen-bau.de<\/a><\/li>\n\n\n\n<li>Assoziierte Rechtsanw\u00e4lte im Telekommunikation Markt und im \u00f6ffentlichen Bereich<\/li>\n\n\n\n<li>Assoziierte spezialisierte Ingenieurb\u00fcros<\/li>\n<\/ul>\n<\/div>\n\n\n\n<div class=\"wp-block-column is-layout-flow wp-block-column-is-layout-flow\" style=\"flex-basis:50%\">\n<figure class=\"wp-block-image size-full is-style-rounded is-style-rounded--1\"><img loading=\"lazy\" decoding=\"async\" width=\"758\" height=\"760\" src=\"https:\/\/www.nectis.de\/wp-content\/uploads\/2024\/02\/Cable_workers_mud_1.png\" alt=\"\" class=\"wp-image-99\" srcset=\"https:\/\/www.nectis.de\/wp-content\/uploads\/2024\/02\/Cable_workers_mud_1.png 758w, https:\/\/www.nectis.de\/wp-content\/uploads\/2024\/02\/Cable_workers_mud_1-300x300.png 300w, https:\/\/www.nectis.de\/wp-content\/uploads\/2024\/02\/Cable_workers_mud_1-150x150.png 150w\" sizes=\"auto, (max-width: 758px) 100vw, 758px\" \/><\/figure>\n<\/div>\n<\/div>\n\n\n\n<div style=\"height:var(--wp--preset--spacing--40)\" aria-hidden=\"true\" class=\"wp-block-spacer\"><\/div>\n\n\n\n<div class=\"wp-block-columns alignwide is-layout-flex wp-container-core-columns-is-layout-d1c656ed wp-block-columns-is-layout-flex\">\n<div class=\"wp-block-column is-layout-flow wp-block-column-is-layout-flow\" style=\"flex-basis:50%\">\n<figure class=\"wp-block-image size-full is-style-rounded is-style-rounded--2\"><img loading=\"lazy\" decoding=\"async\" width=\"752\" height=\"608\" src=\"https:\/\/www.nectis.de\/wp-content\/uploads\/2024\/02\/FTZ_Cable_cr.png\" alt=\"\" class=\"wp-image-100\" srcset=\"https:\/\/www.nectis.de\/wp-content\/uploads\/2024\/02\/FTZ_Cable_cr.png 752w, https:\/\/www.nectis.de\/wp-content\/uploads\/2024\/02\/FTZ_Cable_cr-300x243.png 300w\" sizes=\"auto, (max-width: 752px) 100vw, 752px\" \/><\/figure>\n<\/div>\n\n\n\n<div class=\"wp-block-column is-vertically-aligned-center is-layout-flow wp-block-column-is-layout-flow\" style=\"flex-basis:40%\">\n<h5 class=\"wp-block-heading has-text-align-center is-style-asterisk\">Durch unser Partnernetzwerk sind wir gut aufgestellt kurzfristig Personal f\u00fcr Ihre Projekte zur Verf\u00fcgung zu stellen<\/h5>\n<\/div>\n<\/div>\n\n\n\n<div style=\"height:var(--wp--preset--spacing--40)\" aria-hidden=\"true\" class=\"wp-block-spacer\"><\/div>\n<\/div>\n\n\n\n<div class=\"wp-block-columns is-layout-flex wp-container-core-columns-is-layout-28f84493 wp-block-columns-is-layout-flex\">\n<div class=\"wp-block-column is-layout-flow wp-block-column-is-layout-flow\">\n<p class=\"has-text-align-left has-heading-font-family\"><strong>Wie k\u00f6nnen wir helfen?<\/strong><\/p>\n\n\n\n<ul style=\"line-height:1.75\" class=\"wp-block-list is-style-checkmark-list has-heading-font-family\">\n<li>Beratung in der Projektorganisation (Aufbau und Weiterentwicklung)<\/li>\n\n\n\n<li>Auftragsvermittlung zwischen Auftraggebern und Auftragnehmern<\/li>\n\n\n\n<li>Qualit\u00e4tssicherung in Ihren Ausbauprojekten<\/li>\n\n\n\n<li>Technische \/ Wirtschaftliche Due Diligence<\/li>\n\n\n\n<li>Gutachtert\u00e4tigkeiten<\/li>\n\n\n\n<li>Mitarbeiterausbildung<\/li>\n\n\n\n<li>Assoziierte spezialisierte Ingenieurb\u00fcros<\/li>\n<\/ul>\n<\/div>\n<\/div>\n<\/div>\n\n\n\n<div class=\"wp-block-columns is-layout-flex wp-container-core-columns-is-layout-28f84493 wp-block-columns-is-layout-flex\">\n<div class=\"wp-block-column is-layout-flow wp-block-column-is-layout-flow\">\n<p class=\"has-text-align-left has-heading-font-family\"><strong>Erfahrungen:<\/strong><\/p>\n\n\n\n<ul class=\"wp-block-list is-style-checkmark-list has-heading-font-family\">\n<li>130 Jahre praxisnaher Einsatz unserer Mitarbeiter<\/li>\n\n\n\n<li>1.8 Mrd. Euro&nbsp;Auftragsvolumen beim Management von Ausschreibungen, in der Projektleitung und dem Netzausbau von Telekommunikationsnetzen<\/li>\n\n\n\n<li>1,3 Mrd. Euro Auftragsvolumen in Ausschreibungen f\u00fcr aktive Telekommunikationsnetzen<\/li>\n<\/ul>\n<\/div>\n<\/div>\n\n\n\n<div style=\"height:46px\" aria-hidden=\"true\" class=\"wp-block-spacer\"><\/div>\n\n\n\n<div class=\"wp-block-buttons is-content-justification-center is-layout-flex wp-container-core-buttons-is-layout-a89b3969 wp-block-buttons-is-layout-flex\">\n<div class=\"wp-block-button\"><a class=\"wp-block-button__link wp-element-button\" href=\"https:\/\/www.nectis.de\/?page_id=114\">Kontakt<\/a><\/div>\n<\/div>\n","protected":false},"excerpt":{"rendered":"<p>know how: Wir verf\u00fcgen \u00fcber umfassende Erfahrungen in den Bereichen: Konzeption, Strategie, Ausschreibungen, Netzwerkplanung, Begleitung von Netzwerkausbauten, Dokumentation und Abnahmen. Assoziierte Partner: Durch unser Partnernetzwerk sind wir gut aufgestellt kurzfristig Personal f\u00fcr Ihre Projekte zur Verf\u00fcgung zu stellen Wie k\u00f6nnen wir helfen? Erfahrungen:<\/p>\n","protected":false},"author":1,"featured_media":0,"parent":0,"menu_order":0,"comment_status":"closed","ping_status":"closed","template":"page-no-title","meta":{"_themeisle_gutenberg_block_has_review":false,"footnotes":""},"class_list":["post-43","page","type-page","status-publish","hentry"],"_links":{"self":[{"href":"https:\/\/www.nectis.de\/index.php?rest_route=\/wp\/v2\/pages\/43","targetHints":{"allow":["GET"]}}],"collection":[{"href":"https:\/\/www.nectis.de\/index.php?rest_route=\/wp\/v2\/pages"}],"about":[{"href":"https:\/\/www.nectis.de\/index.php?rest_route=\/wp\/v2\/types\/page"}],"author":[{"embeddable":true,"href":"https:\/\/www.nectis.de\/index.php?rest_route=\/wp\/v2\/users\/1"}],"replies":[{"embeddable":true,"href":"https:\/\/www.nectis.de\/index.php?rest_route=%2Fwp%2Fv2%2Fcomments&post=43"}],"version-history":[{"count":5,"href":"https:\/\/www.nectis.de\/index.php?rest_route=\/wp\/v2\/pages\/43\/revisions"}],"predecessor-version":[{"id":181,"href":"https:\/\/www.nectis.de\/index.php?rest_route=\/wp\/v2\/pages\/43\/revisions\/181"}],"wp:attachment":[{"href":"https:\/\/www.nectis.de\/index.php?rest_route=%2Fwp%2Fv2%2Fmedia&parent=43"}],"curies":[{"name":"wp","href":"https:\/\/api.w.org\/{rel}","templated":true}]}}